**2 - 2*y - 7. Let n be l(-3). Suppose 204 = 7*m - n. What is the remainder when m is divided by 19?
17
Let u be -5 - 8/(-1) - 2/(-2). Calculate the remainder when (u/(-5))/(22/(-605)) is divided by (3 + 0 - 3) + 5.
2
Let z = -11 + 15. Let r(f) = -2 - 2 + 265*f**3 - f - z - 266*f**3. What is the remainder when r(-4) is divided by 21?
18
Suppose -38 = -5*h + 12. Suppose 4*q + 0*q - 2*p = h, -2*p - 10 = 4*q. What is the remainder when (q - -2) + (9 - -2) is divided by 9?
4
Suppose b = 10 - 1. Let k(l) = 7*l + 13. Suppose 6*v - v - 4*x - 11 = 0, -2*v + 6 = -2*x. Calculate the remainder when b is divided by k(v).
3
Let h(n) = -n**2 - 10*n + 26. Let w be h(-12). Suppose -5*p = -w*o - 76, -3*p = 5*o - o - 56. Calculate the remainder when 26 is divided by p.
10
Let s = 71 + -55. What is the remainder when 18 is divided by s?
2
Let k(t) = -15*t. Let n = -2 - -1. Let i(u) = -14*u + 2. What is the remainder when k(-2) is divided by i(n)?
14
Calculate the remainder when 151 is divided by ((-64)/(-40))/((-2)/5)*-1.
3
Let t(p) = p**3 + 9*p**2 - 10*p + 9. Let l = -24 + 14. Calculate the remainder when 15 is divided by t(l).
6
Suppose -l - 12 + 14 = 0. Let o(a) = a**2 + 4*a. What is the remainder when 1/l + 2205/98 is divided by o(-6)?
11
Let f = -118 + 90. What is the remainder when 22 is divided by (f - -27)*(0 + -3*3)?
4
Let a(r) = 1345*r - 40. Calculate the remainder when a(2) is divided by 17.
15
Suppose -w - 2*r = -2*w + 61, -5*w + 245 = 2*r. Suppose 4*i = i + 33. What is the remainder when w is divided by i?
7
Suppose 0 = -9*x + 70 + 758. What is the remainder when x is divided by 8?
4
Suppose -2*k = -k - 5*a - 31, 12 = -3*a. Calculate the remainder when 48 is divided by k.
4
Suppose -3*q + 42 = -3. What is the remainder when 40 is divided by q?
10
Suppose -5*m = -224 + 139. What is the remainder when 169 is divided by m?
16
Let x = 251 - 178. Suppose 5*k - 52 = x. What is the remainder when 47 is divided by k?
22
Let b = -2313 + 2357. What is the remainder when 125 is divided by b?
37
Suppose 68 = -5*n + 243. Let f = -13 + n. Suppose 96 = -13*m + 29*m. Calculate the remainder when f is divided by m.
4
Suppose 0 = -0*d - 4*d - 140. Suppose 27 = 23*z - 2204. Let l = z + d. Calculate the remainder when l is divided by 32.
30
Suppose -p = -14 - 9. Let u = 204 - 199. What is the remainder when p is divided by u?
3
Let k be 22 - 1/(-3)*3. Let u(l) = 6*l - 2. Calculate the remainder when u(7) is divided by (-1 + k)*(-4)/(-8).
7
Let j be (-1)/(-1) + -1 + 83. What is the remainder when j/1 + -4 + 2 is divided by 42?
39
Let y(u) = u**3 - 5*u**2 - 3*u + 9. What is the remainder when 319 is divided by y(6)?
22
Let o(a) = -7*a**2 - a**3 - 19*a**2 - 11*a + 14*a**2 + 13. What is the remainder when 34 is divided by o(-11)?
8
Suppose 276 = 7*y - 46. Suppose 5*b + m = -0*m + y, -4*b - 3*m = -39. Calculate the remainder when 41 is divided by b.
5
Let w(v) = v + 34*v**2 - 14*v**2 - 17*v**2 - 3*v**3. Calculate the remainder when w(-2) is divided by 4.
2
Let x(l) be the second derivative of l**3/6 + 65*l**2/2 + 27*l. What is the remainder when x(-23) is divided by 26?
16
Let a = 302 - 224. Calculate the remainder when 150 is divided by a.
72
Suppose -5*y = -x - 1038, -30*x - 219 = -y - 26*x. What is the remainder when y is divided by 26?
25
Let v(p) = 5*p - 20. Calculate the remainder when 33 is divided by v(7).
3
Suppose 0 = -3*g + 4 + 44. Suppose -137*k - 146*k + 271*k + 876 = 0. What is the remainder when k is divided by g?
9
Let f = 196 - 190. Let u = -14 + 18. Calculate the remainder when f is divided by u.
2
Let s(x) = x**2 - x + 2. Let n(i) = i**2 - 2*i + 1. Let q(u) = 4*n(u) - 3*s(u). Suppose -42 + 9 = -h. Calculate the remainder when h is divided by q(7).
9
Suppose 4*f - h = -3, 3*h = 5*f + 10 - 1. Suppose -5*w = f, -2*w - 4 = 4*c - 0. What is the remainder when 18 is divided by 9 + (-1)/(0 + c)?
8
Suppose 3*l = -q + 20, 2*q = -q - 5*l + 68. Let c be (0 - -10)*(-2)/(-5). Suppose -c*v + 245 = v. Calculate the remainder when v is divided by q.
23
Let n = -10 - -12. Suppose n*h = 1 + 75. Calculate the remainder when h is divided by (52/8)/((-2)/(-4)).
12
Suppose 70*x = 68*x + 10. Suppose 286 + 549 = x*f. Calculate the remainder when f is divided by 57.
53
Suppose -m + 3*q - 172 = 4*q, -890 = 5*m - 5*q. Let s = -109 - m. What is the remainder when s is divided by 23?
20
What is the remainder when 50 is divided by 2/(-18)*93*-3?
19
Let j = 80 + -28. Suppose j + 14 = 3*g. Calculate the remainder when g is divided by (0 - 2) + 14 + 0.
10
Suppose 3*u + 2*o + 0*o = 949, 335 = u - 4*o. Suppose u = -0*i + 4*i - 5*y, -5*i - 2*y = -374. Calculate the remainder when i is divided by 13.
11
Let p = 5 + -2. Let j(c) = 2*c + 2. Let w be j(11). Suppose -p*i + 15 = -w. What is the remainder when 51 is divided by i?
12
Let b = 139 + 28. Calculate the remainder when b is divided by 7 - (-7)/((-28)/(-40)).
14
Let y = -161 - -171. What is the remainder when y is divided by 2?
0
Suppose 5*o + 4*d + 0*d - 1087 = 0, 2*o - 5*d = 415. Calculate the remainder when o is divided by 27.
26
Suppose 3*a - 171 - 492 = 0. What is the remainder when a is divided by 14?
11
Let t = 48 + -46. Suppose t*j = -w + 181, 3*w + 9 = 3*j - 258. What is the remainder when j is divided by 23?
21
Let l be (-5 + 9)/((-2)/(-10)). Let p be 190/l - 2/(-4). What is the remainder when 87 is divided by (-5)/p + (-61)/(-2)?
27
Calculate the remainder when 209 is divided by (420/49)/(2*2/14).
29
Suppose 5*c = -4*k + 33 + 28, k - 10 = -3*c. Suppose k*d - 14*d - 30 = 0. Suppose 2*f = d*f - 108. What is the remainder when f is divided by 10?
7
Suppose -17*a + 15*a + 10 = 0. Let k(h) be the third derivative of h**5/60 - h**4/8 - h**2. What is the remainder when a is divided by k(4)?
1
Let k = 236 - 142. Let h(t) = t**3 - 16*t**2 + 61*t + 10. What is the remainder when k is divided by h(6)?
14
Suppose 3*r = 2*r + 4. Suppose r*h = 39 + 45. Suppose j - g = 6, 0*j + 4*g = -3*j + 53. Calculate the remainder when h is divided by j.
10
Let r be (-1)/(-1)*(8 - 8). Suppose r = -0*d + 2*d - 28. What is the remainder when 110 is divided by d?
12
Suppose 0*o + 5*n + 8 = -o, -5*n = 10. Suppose -120 = -4*g - o*g. Suppose 139 = 4*h - 97. Calculate the remainder when h is divided by g.
19
Suppose 0 = -5*z + 3292 - 802. Suppose 4*c + 0*c = -3*n + z, c - 3*n = 117. Calculate the remainder when c is divided by 32.
27
Let k = -48 + 84. What is the remainder when k is divided by 4?
0
Let u(a) = -a**2 - 9*a + 9. Let g be u(-9). Let p(v) = 3*v - 1. What is the remainder when p(g) is divided by (9/3 - 3) + 9?
8
Let r = 1 - -2. Suppose -r*f = -4*f - 9. What is the remainder when 2/f - 488/(-9) is divided by 14?
12
Let l = -228 - -155. Let u = l + 95. What is the remainder when 107 is divided by u?
19
Suppose -27 = -5*z + 2*z. Let y(l) = l**3 - 12*l**2 + 15*l - 20. Let p be y(11). Suppose p = 11*m - 20. What is the remainder when z is divided by m?
1
What is the remainder when 6*4/(-32)*-116 is divided by 40?
7
Suppose 11*p + 11*p = 330. Calculate the remainder when 28 is divided by p.
13
Suppose 3*p + 30 = 6*p. Let u(t) = -t**3 + 10*t - 8. Calculate the remainder when p is divided by u(2).
2
Suppose 122 = 4*x + 6. Calculate the remainder when 114 is divided by x.
27
Suppose 3*t = 2*y - 74, -3*y + 3*t - 8*t = -92. Calculate the remainder when 269 is divided by y.
31
Suppose 48 = 3*q + q. Let p(j) = 2*j**3 - 3*j**2 - j - 1. Suppose 3*k + 9 = 6*k. What is the remainder when p(k) is divided by q?
11
Let y(t) = 7*t**2 - 33*t + 175. What is the remainder when y(9) is divided by 28?
25
Let c = 76 - 87. Let u(f) = 60*f**3 - 2*f**2 + 1. What is the remainder when u(1) is divided by (3/(-3) + c)*-1?
11
Let c = 1264 + -1259. Let b be (0 - (-2 + 0))*1. Suppose 2*r = 2*z + 12, -r + 1 = b*z - c. Calculate the remainder when 10 is divided by r.
4
Let j = 23 - 10. Let i be (-5 - -8) + j*-1. Calculate the remainder when 14 is divided by (i/(-4))/(5/10).
4
Suppose -13*b = -8*b - 25. What is the remainder when 74 is divided by 126/b - (-4)/5?
22
Let s(d) = -d**3 + 9*d**2 - 10*d + 4. Let z be s(5). Suppose 3*w - 4*c + z = 5*w, 0 = 5*w + c - 90. Calculate the remainder when w is divided by 7.
3
Suppose -4*o - 318 + 922 = 0. Suppose -10 = -7*p + o. Suppose 0 = -6*u + 